{"id":1085,"date":"2016-04-08T13:27:26","date_gmt":"2016-04-08T13:27:26","guid":{"rendered":"https:\/\/oceanwp.org\/store\/product\/flowy-blouse\/"},"modified":"2025-05-16T06:30:22","modified_gmt":"2025-05-16T06:30:22","slug":"flowy-blouse","status":"publish","type":"product","link":"https:\/\/matertech.com.co\/?product=flowy-blouse","title":{"rendered":"Serie PP &#8211; Uso general"},"content":{"rendered":"<p>Pel\u00edcula para etiquetas, paquetes de cigarrillos, paquetes regulares como cajas de cosm\u00e9ticos, paquetes de dulces, cajas de vino, tarjetas de felicitaci\u00f3n, tubos, materiales publicitarios y otros materiales gr\u00e1ficos.L\u00e1mina caliente de uso general, vers\u00e1til para diversos sustratos gr\u00e1ficos, buena estampabilidad y adherencia.<\/p>\n<p><strong>M\u00e1quinas de impresi\u00f3n<\/strong><br \/>\nPrensa de cama plana y de elevaci\u00f3n y descenso, cilindros y m\u00e1quinas rotativas.<\/p>\n<p><strong>Sustratos<\/strong><br \/>\nPapel normal, papel impreso, papel estucado, etiquetas pl\u00e1sticas y laminados OPP, papel con algunos barnices UV.<\/p>\n<p><strong>Temperatura de estampado<\/strong><br \/>\n\u2022 110-150 \u2103 en m\u00e1quinas de cama plana y de elevaci\u00f3n y descenso.<br \/>\n\u2022 120-160 \u2103 en m\u00e1quinas de cilindros.<br \/>\n\u2022 160-205 \u2103 en m\u00e1quinas rotativas.<\/p>\n<p><strong>\u00a0Tonos disponibles<\/strong><br \/>\nPlata \/ oro, plata \/ oro mate y otros colores disponibles.<\/p>\n","protected":false},"excerpt":{"rendered":"<p>L\u00e1mina caliente de uso general, vers\u00e1til para diversos sustratos gr\u00e1ficos, buena estampabilidad y adherencia.<\/p>\n<ul>\n<li>Alto brillo met\u00e1lico<\/li>\n<li>Baja temperatura de estampaci\u00f3n y buena para estampaci\u00f3n de alta velocidad.<\/li>\n<li>Buena resistencia al calor con amplio rango de temperatura de estampado.<\/li>\n<li>Buen rendimiento de transferencia, adecuado para estampar tanto detalles finos como \u00e1reas medianas. Alta definici\u00f3n y borde afilado sin burbujas ni escamas.<\/li>\n<li>Buena propiedad de resistencia al rayado y al roce.<\/li>\n<li>Aprobado por ROHS, REACH y VOC.<\/li>\n<\/ul>\n","protected":false},"featured_media":1888,"comment_status":"open","ping_status":"closed","template":"","meta":[],"product_cat":[46,72],"product_tag":[65,68,67],"_links":{"self":[{"href":"https:\/\/matertech.com.co\/index.php?rest_route=\/wp\/v2\/product\/1085"}],"collection":[{"href":"https:\/\/matertech.com.co\/index.php?rest_route=\/wp\/v2\/product"}],"about":[{"href":"https:\/\/matertech.com.co\/index.php?rest_route=\/wp\/v2\/types\/product"}],"replies":[{"embeddable":true,"href":"https:\/\/matertech.com.co\/index.php?rest_route=%2Fwp%2Fv2%2Fcomments&post=1085"}],"wp:featuredmedia":[{"embeddable":true,"href":"https:\/\/matertech.com.co\/index.php?rest_route=\/wp\/v2\/media\/1888"}],"wp:attachment":[{"href":"https:\/\/matertech.com.co\/index.php?rest_route=%2Fwp%2Fv2%2Fmedia&parent=1085"}],"wp:term":[{"taxonomy":"product_cat","embeddable":true,"href":"https:\/\/matertech.com.co\/index.php?rest_route=%2Fwp%2Fv2%2Fproduct_cat&post=1085"},{"taxonomy":"product_tag","embeddable":true,"href":"https:\/\/matertech.com.co\/index.php?rest_route=%2Fwp%2Fv2%2Fproduct_tag&post=1085"}],"curies":[{"name":"wp","href":"https:\/\/api.w.org\/{rel}","templated":true}]}}