{"id":1971,"date":"2021-11-01T20:22:20","date_gmt":"2021-11-01T20:22:20","guid":{"rendered":"https:\/\/matertech.com.co\/?post_type=product&#038;p=1971"},"modified":"2025-06-09T17:22:03","modified_gmt":"2025-06-09T17:22:03","slug":"impresoras-de-tarjetas","status":"publish","type":"product","link":"https:\/\/matertech.com.co\/?product=impresoras-de-tarjetas","title":{"rendered":"Impresoras de tarjetas"},"content":{"rendered":"","protected":false},"excerpt":{"rendered":"<p>Las impresoras de tarjetas y tarjetas de identificaci\u00f3n Zebra facilitan la conexi\u00f3n, creaci\u00f3n e impresi\u00f3n de tarjetas resistentes de alta calidad para diversas aplicaciones.\u00a0 Ya sea que imprima tarjetas de identificaci\u00f3n, tarjetas de identificaci\u00f3n para hoteler\u00eda y turismo o tarjetas financieras o RFID, las impresoras de Zebra ofrecen la seguridad, los suministros y el software que necesita para disfrutar de una soluci\u00f3n completa.<\/p>\n","protected":false},"featured_media":2011,"comment_status":"open","ping_status":"closed","template":"","meta":[],"product_cat":[56,48],"product_tag":[75,74],"_links":{"self":[{"href":"https:\/\/matertech.com.co\/index.php?rest_route=\/wp\/v2\/product\/1971"}],"collection":[{"href":"https:\/\/matertech.com.co\/index.php?rest_route=\/wp\/v2\/product"}],"about":[{"href":"https:\/\/matertech.com.co\/index.php?rest_route=\/wp\/v2\/types\/product"}],"replies":[{"embeddable":true,"href":"https:\/\/matertech.com.co\/index.php?rest_route=%2Fwp%2Fv2%2Fcomments&post=1971"}],"wp:featuredmedia":[{"embeddable":true,"href":"https:\/\/matertech.com.co\/index.php?rest_route=\/wp\/v2\/media\/2011"}],"wp:attachment":[{"href":"https:\/\/matertech.com.co\/index.php?rest_route=%2Fwp%2Fv2%2Fmedia&parent=1971"}],"wp:term":[{"taxonomy":"product_cat","embeddable":true,"href":"https:\/\/matertech.com.co\/index.php?rest_route=%2Fwp%2Fv2%2Fproduct_cat&post=1971"},{"taxonomy":"product_tag","embeddable":true,"href":"https:\/\/matertech.com.co\/index.php?rest_route=%2Fwp%2Fv2%2Fproduct_tag&post=1971"}],"curies":[{"name":"wp","href":"https:\/\/api.w.org\/{rel}","templated":true}]}}