{"id":2748,"date":"2022-01-08T23:02:51","date_gmt":"2022-01-08T23:02:51","guid":{"rendered":"https:\/\/matertech.com.co\/?post_type=product&#038;p=2748"},"modified":"2022-01-09T00:06:01","modified_gmt":"2022-01-09T00:06:01","slug":"tesa04848","status":"publish","type":"product","link":"https:\/\/matertech.com.co\/?product=tesa04848","title":{"rendered":"tesa\u00ae04848"},"content":{"rendered":"","protected":false},"excerpt":{"rendered":"<p><span class=\"lowercase\">tesa\u00ae 04848 es un f<\/span>ilm de protecci\u00f3n transparente para superficies y \u00e1reas de gran tama\u00f1o. Fabricada en PE esta recubierta por un adhesivo acr\u00edlico resistente al envejecimiento y a los rayos UV.<\/p>\n<h3 class=\"headline module-headline\">Aplicaciones principales:<\/h3>\n<ul>\n<li class=\"p1\">Protecci\u00f3n de superficies contra suciedad y rayado en la industria automotriz, blanca y otras.<\/li>\n<li>Enmascaramiento de grandes \u00e1reas de vidrio para trabajos de pintura<\/li>\n<\/ul>\n<p>&nbsp;<\/p>\n<p><img loading=\"lazy\" class=\" wp-image-2619 alignleft\" src=\"http:\/\/matertech.com.co\/wp-content\/uploads\/2022\/01\/tesa_parner.png\" alt=\"\" width=\"141\" height=\"40\" srcset=\"https:\/\/matertech.com.co\/wp-content\/uploads\/2022\/01\/tesa_parner.png 306w, https:\/\/matertech.com.co\/wp-content\/uploads\/2022\/01\/tesa_parner-300x85.png 300w\" sizes=\"(max-width: 141px) 100vw, 141px\" \/><\/p>\n<p>&nbsp;<\/p>\n<p>&nbsp;<\/p>\n","protected":false},"featured_media":2749,"comment_status":"open","ping_status":"closed","template":"","meta":[],"product_cat":[41,103],"product_tag":[78,104,105],"_links":{"self":[{"href":"https:\/\/matertech.com.co\/index.php?rest_route=\/wp\/v2\/product\/2748"}],"collection":[{"href":"https:\/\/matertech.com.co\/index.php?rest_route=\/wp\/v2\/product"}],"about":[{"href":"https:\/\/matertech.com.co\/index.php?rest_route=\/wp\/v2\/types\/product"}],"replies":[{"embeddable":true,"href":"https:\/\/matertech.com.co\/index.php?rest_route=%2Fwp%2Fv2%2Fcomments&post=2748"}],"wp:featuredmedia":[{"embeddable":true,"href":"https:\/\/matertech.com.co\/index.php?rest_route=\/wp\/v2\/media\/2749"}],"wp:attachment":[{"href":"https:\/\/matertech.com.co\/index.php?rest_route=%2Fwp%2Fv2%2Fmedia&parent=2748"}],"wp:term":[{"taxonomy":"product_cat","embeddable":true,"href":"https:\/\/matertech.com.co\/index.php?rest_route=%2Fwp%2Fv2%2Fproduct_cat&post=2748"},{"taxonomy":"product_tag","embeddable":true,"href":"https:\/\/matertech.com.co\/index.php?rest_route=%2Fwp%2Fv2%2Fproduct_tag&post=2748"}],"curies":[{"name":"wp","href":"https:\/\/api.w.org\/{rel}","templated":true}]}}