{"id":2777,"date":"2022-01-09T16:53:56","date_gmt":"2022-01-09T16:53:56","guid":{"rendered":"https:\/\/matertech.com.co\/?post_type=product&#038;p=2777"},"modified":"2025-06-09T01:47:13","modified_gmt":"2025-06-09T01:47:13","slug":"tesa60632","status":"publish","type":"product","link":"https:\/\/matertech.com.co\/?product=tesa60632","title":{"rendered":"tesa\u00ae60632"},"content":{"rendered":"","protected":false},"excerpt":{"rendered":"<p><span class=\"lowercase\">tesa\u00ae 60632<\/span>, Cinta de aluminio universal con liner de papel &#8211; Foil de 30 \u00b5m.<\/p>\n<h3 class=\"headline module-headline\">Caracter\u00edsticas<\/h3>\n<ul>\n<li class=\"p1\">Montaje de sistemas de refrigerador en la industria de electrodom\u00e9sticos<\/li>\n<li class=\"p1\">Uni\u00f3n y sellado de aislamientos t\u00e9rmicos, conductos y tuber\u00edas<\/li>\n<li class=\"p1\">Para hacer sustratos el\u00e9ctricamente y t\u00e9rmicamente conductores<\/li>\n<li class=\"p1\">Para reflejar la radiaci\u00f3n de calor<\/li>\n<li class=\"p1\">Total espesor 150 \u00b5m (5.9 mil)<\/li>\n<\/ul>\n<p>&nbsp;<\/p>\n<p><img loading=\"lazy\" class=\" wp-image-2619 alignleft\" src=\"http:\/\/matertech.com.co\/wp-content\/uploads\/2022\/01\/tesa_parner.png\" alt=\"\" width=\"141\" height=\"40\" srcset=\"https:\/\/matertech.com.co\/wp-content\/uploads\/2022\/01\/tesa_parner.png 306w, https:\/\/matertech.com.co\/wp-content\/uploads\/2022\/01\/tesa_parner-300x85.png 300w\" sizes=\"(max-width: 141px) 100vw, 141px\" \/><\/p>\n<p>&nbsp;<\/p>\n<p>&nbsp;<\/p>\n","protected":false},"featured_media":2778,"comment_status":"open","ping_status":"closed","template":"","meta":[],"product_cat":[41,87],"product_tag":[107,78,68,88],"_links":{"self":[{"href":"https:\/\/matertech.com.co\/index.php?rest_route=\/wp\/v2\/product\/2777"}],"collection":[{"href":"https:\/\/matertech.com.co\/index.php?rest_route=\/wp\/v2\/product"}],"about":[{"href":"https:\/\/matertech.com.co\/index.php?rest_route=\/wp\/v2\/types\/product"}],"replies":[{"embeddable":true,"href":"https:\/\/matertech.com.co\/index.php?rest_route=%2Fwp%2Fv2%2Fcomments&post=2777"}],"wp:featuredmedia":[{"embeddable":true,"href":"https:\/\/matertech.com.co\/index.php?rest_route=\/wp\/v2\/media\/2778"}],"wp:attachment":[{"href":"https:\/\/matertech.com.co\/index.php?rest_route=%2Fwp%2Fv2%2Fmedia&parent=2777"}],"wp:term":[{"taxonomy":"product_cat","embeddable":true,"href":"https:\/\/matertech.com.co\/index.php?rest_route=%2Fwp%2Fv2%2Fproduct_cat&post=2777"},{"taxonomy":"product_tag","embeddable":true,"href":"https:\/\/matertech.com.co\/index.php?rest_route=%2Fwp%2Fv2%2Fproduct_tag&post=2777"}],"curies":[{"name":"wp","href":"https:\/\/api.w.org\/{rel}","templated":true}]}}