{"id":2806,"date":"2022-01-09T18:46:17","date_gmt":"2022-01-09T18:46:17","guid":{"rendered":"https:\/\/matertech.com.co\/?post_type=product&#038;p=2806"},"modified":"2022-01-09T19:22:11","modified_gmt":"2022-01-09T19:22:11","slug":"tesa04671","status":"publish","type":"product","link":"https:\/\/matertech.com.co\/?product=tesa04671","title":{"rendered":"tesa\u00ae04671"},"content":{"rendered":"","protected":false},"excerpt":{"rendered":"<p><span class=\"lowercase\">tesa\u00ae 04671<\/span>, Cinta de tela premium &#8211; Gaffer.<\/p>\n<h3 class=\"headline module-headline\">Caracter\u00edsticas<\/h3>\n<ul>\n<li class=\"p1\">Marcaci\u00f3n y demarcaci\u00f3n de pisos para espect\u00e1culos, torneos deportivos, etc.<\/li>\n<li class=\"p1\">Fijaci\u00f3n de tapetes para exposiciones<\/li>\n<li class=\"p1\">Amarres de tubos pesados, perfiles, etc.<\/li>\n<li class=\"p1\">Aseguramiento de protecci\u00f3n de bordes cortantes<\/li>\n<li class=\"p1\">Sellado de tinas y tubos<\/li>\n<li class=\"p1\">Recubrimiento de pisos<\/li>\n<\/ul>\n<p>&nbsp;<\/p>\n<p><img loading=\"lazy\" class=\" wp-image-2619 alignleft\" src=\"http:\/\/matertech.com.co\/wp-content\/uploads\/2022\/01\/tesa_parner.png\" alt=\"\" width=\"141\" height=\"40\" srcset=\"https:\/\/matertech.com.co\/wp-content\/uploads\/2022\/01\/tesa_parner.png 306w, https:\/\/matertech.com.co\/wp-content\/uploads\/2022\/01\/tesa_parner-300x85.png 300w\" sizes=\"(max-width: 141px) 100vw, 141px\" \/><\/p>\n<p>&nbsp;<\/p>\n<p>&nbsp;<\/p>\n","protected":false},"featured_media":2807,"comment_status":"open","ping_status":"closed","template":"","meta":[],"product_cat":[41,110],"product_tag":[78,112,111,80],"_links":{"self":[{"href":"https:\/\/matertech.com.co\/index.php?rest_route=\/wp\/v2\/product\/2806"}],"collection":[{"href":"https:\/\/matertech.com.co\/index.php?rest_route=\/wp\/v2\/product"}],"about":[{"href":"https:\/\/matertech.com.co\/index.php?rest_route=\/wp\/v2\/types\/product"}],"replies":[{"embeddable":true,"href":"https:\/\/matertech.com.co\/index.php?rest_route=%2Fwp%2Fv2%2Fcomments&post=2806"}],"wp:featuredmedia":[{"embeddable":true,"href":"https:\/\/matertech.com.co\/index.php?rest_route=\/wp\/v2\/media\/2807"}],"wp:attachment":[{"href":"https:\/\/matertech.com.co\/index.php?rest_route=%2Fwp%2Fv2%2Fmedia&parent=2806"}],"wp:term":[{"taxonomy":"product_cat","embeddable":true,"href":"https:\/\/matertech.com.co\/index.php?rest_route=%2Fwp%2Fv2%2Fproduct_cat&post=2806"},{"taxonomy":"product_tag","embeddable":true,"href":"https:\/\/matertech.com.co\/index.php?rest_route=%2Fwp%2Fv2%2Fproduct_tag&post=2806"}],"curies":[{"name":"wp","href":"https:\/\/api.w.org\/{rel}","templated":true}]}}