{"id":2814,"date":"2022-01-09T19:02:45","date_gmt":"2022-01-09T19:02:45","guid":{"rendered":"https:\/\/matertech.com.co\/?post_type=product&#038;p=2814"},"modified":"2022-01-11T12:36:17","modified_gmt":"2022-01-11T12:36:17","slug":"tesa04169","status":"publish","type":"product","link":"https:\/\/matertech.com.co\/?product=tesa04169","title":{"rendered":"tesa\u00ae60760"},"content":{"rendered":"","protected":false},"excerpt":{"rendered":"<p><span class=\"lowercase\">tesa\u00ae 60760<\/span>, Cinta de marcaci\u00f3n permanente de pisos.<\/p>\n<h3 class=\"headline module-headline\">Caracter\u00edsticas<\/h3>\n<ul>\n<li class=\"p1\">Marcaci\u00f3n de \u00e1reas de trabajo en f\u00e1bricas, bodegas y almacenes<\/li>\n<li class=\"p1\">Delimitaci\u00f3n y gu\u00eda para veh\u00edculos en \u00e1reas de parqueo<\/li>\n<li class=\"p1\">Marcaci\u00f3n de paso en oficinas, hospitales, ferias, etc.<\/li>\n<\/ul>\n<p>&nbsp;<\/p>\n<p><img loading=\"lazy\" class=\" wp-image-2619 alignleft\" src=\"http:\/\/matertech.com.co\/wp-content\/uploads\/2022\/01\/tesa_parner.png\" alt=\"\" width=\"141\" height=\"40\" srcset=\"https:\/\/matertech.com.co\/wp-content\/uploads\/2022\/01\/tesa_parner.png 306w, https:\/\/matertech.com.co\/wp-content\/uploads\/2022\/01\/tesa_parner-300x85.png 300w\" sizes=\"(max-width: 141px) 100vw, 141px\" \/><\/p>\n<p>&nbsp;<\/p>\n<p>&nbsp;<\/p>\n","protected":false},"featured_media":2816,"comment_status":"open","ping_status":"closed","template":"","meta":[],"product_cat":[41,110],"product_tag":[78,111],"_links":{"self":[{"href":"https:\/\/matertech.com.co\/index.php?rest_route=\/wp\/v2\/product\/2814"}],"collection":[{"href":"https:\/\/matertech.com.co\/index.php?rest_route=\/wp\/v2\/product"}],"about":[{"href":"https:\/\/matertech.com.co\/index.php?rest_route=\/wp\/v2\/types\/product"}],"replies":[{"embeddable":true,"href":"https:\/\/matertech.com.co\/index.php?rest_route=%2Fwp%2Fv2%2Fcomments&post=2814"}],"wp:featuredmedia":[{"embeddable":true,"href":"https:\/\/matertech.com.co\/index.php?rest_route=\/wp\/v2\/media\/2816"}],"wp:attachment":[{"href":"https:\/\/matertech.com.co\/index.php?rest_route=%2Fwp%2Fv2%2Fmedia&parent=2814"}],"wp:term":[{"taxonomy":"product_cat","embeddable":true,"href":"https:\/\/matertech.com.co\/index.php?rest_route=%2Fwp%2Fv2%2Fproduct_cat&post=2814"},{"taxonomy":"product_tag","embeddable":true,"href":"https:\/\/matertech.com.co\/index.php?rest_route=%2Fwp%2Fv2%2Fproduct_tag&post=2814"}],"curies":[{"name":"wp","href":"https:\/\/api.w.org\/{rel}","templated":true}]}}